v) = -5*v**3 - 219*v**2 - 195*v - 902. What is l(-43)?
87
Let l(k) = -3645*k + 94662. Calculate l(26).
-108
Let t(k) = 17855*k + 124956. Calculate t(-7).
-29
Let v(s) = s**3 + 138*s**2 + 834*s + 225. Calculate v(-6).
-27
Let j(x) = -3593*x - 154457. Determine j(-43).
42
Let h(s) = -69*s**2 - 960*s - 59. Calculate h(-14).
-143
Let v(t) = 68*t**3 - 9*t + 16. Give v(1).
75
Let u(q) = 35*q**2 + 1963*q - 78192. Calculate u(-83).
-6
Let y(n) = -6*n**3 - 293*n**2 - 252*n + 124. Calculate y(-48).
700
Let f(h) = -86*h**2 - 47*h + 9. Give f(3).
-906
Let y(k) = -182437*k - 1094616. What is y(-6)?
6
Let p(v) = 1136*v + 4229. Calculate p(-4).
-315
Let g(n) = n**2 - 49406*n - 8626920. What is g(-174)?
0
Let b(o) = 29*o**3 + 12*o**2 + 53*o + 113. Calculate b(-3).
-721
Let q(a) = 5*a**2 + 4086*a - 32783. Calculate q(8).
225
Let t(n) = 2*n**2 - 34*n - 11. What is t(21)?
157
Let p(z) = 13549*z - 40651. Determine p(3).
-4
Let i(w) = w**2 + 2783*w + 27748. Give i(-10).
18
Let m(u) = 4*u**2 - 155*u + 1207. What is m(28)?
3
Let i(u) = u**3 - 38*u**2 - 2124*u - 8228. Determine i(70).
-108
Let g(c) = 92*c**2 + 3498*c + 36. What is g(-38)?
-40
Let w(h) = 2372*h + 23602. What is w(-10)?
-118
Let a(w) = -6*w**3 - 14*w**2 - 14*w - 9. What is a(-5)?
461
Let q(w) = 9776*w + 80273. Determine q(-8).
2065
Let f(q) = -2*q**3 - 575*q**2 - 286*q + 278. Give f(-287).
-9
Let w(r) = -r**3 - 122*r**2 + 9244*r - 5591. Give w(-175).
-166
Let n(i) = 7*i**2 - 68*i + 397. What is n(10)?
417
Let d(q) = q**3 - 2*q**2 + 1821*q - 7323. Calculate d(4).
-7
Let r(t) = 3809*t + 53309. Determine r(-14).
-17
Let v(d) = -d**3 - 25*d**2 + 694*d - 10. Calculate v(0).
-10
Let p(x) = 2*x**3 - 486*x**2 + 2845*x - 230. Give p(237).
7
Let m(t) = t**3 + 535*t**2 + 1664*t + 36126. Determine m(-532).
-50
Let t(m) = 416*m**2 - 9039*m - 9042. Determine t(-1).
413
Let b(x) = 8*x + 1050. Determine b(19).
1202
Let n(k) = 21*k**3 - 396*k**2 + 5*k - 159. Calculate n(19).
1019
Let b(u) = -145*u - 14307. Give b(-97).
-242
Let y(g) = 7*g**2 + 498*g + 4602. Determine y(-11).
-29
Let u(z) = 17*z**2 + 223*z - 223. Calculate u(-14).
-13
Let o(r) = -r**3 + 26*r**2 - 194*r + 907. Calculate o(18).
7
Let j(r) = -r**2 - 5075*r - 315765. Calculate j(-63).
-9
Let r(d) = -114882*d - 1493379. Determine r(-13).
87
Let h(j) = 4*j**2 - 81*j + 478. Determine h(9).
73
Let g(u) = -1003*u + 123440. Give g(123).
71
Let s(d) = -d**3 - 14*d**2 + 163*d + 1618. What is s(-23)?
2630
Let u(f) = -7*f**3 - 102*f**2 - 38*f + 245. Give u(-14).
-7
Let c(f) = -17*f**2 + 1011*f - 2261. Determine c(57).
133
Let n(w) = -1899*w**3 - 460*w**2 + 460*w. Determine n(1).
-1899
Let l(q) = q**3 - 19*q**2 - 209*q - 156. What is l(27)?
33
Let m(v) = 2*v**3 + 81*v**2 - 3172*v + 719. Calculate m(-65).
-126
Let b(z) = 31*z**2 - 4199*z + 101416. Give b(104).
16
Let m(z) = 21304*z - 255646. Give m(12).
2
Let w(u) = -9211*u + 27727. Determine w(3).
94
Let h(r) = -r**2 + 31*r - 201. Determine h(25).
-51
Let y(s) = 147*s**2 + 3816*s - 1. Give y(-26).
155
Let m(x) = -13*x**3 + 53*x**2 - 4047*x + 16181. Calculate m(4).
9
Let z(o) = -130*o**2 + 2443*o - 1800. Give z(18).
54
Let v(x) = 2*x**2 - 3134*x + 309760. Determine v(1461).
28
Let d(t) = -t**2 + 755*t - 103107. Give d(179).
-3
Let b(i) = 12*i**3 - 170*i**2 - 144*i - 45. Give b(15).
45
Let s(h) = h**3 + 137*h**2 - 993*h + 2187. Give s(-144).
27
Let n(p) = -8339*p - 58386. What is n(-7)?
-13
Let i(n) = -2*n**3 + 835*n**2 - 357*n - 24980. What is i(417)?
40
Let z(t) = t**3 + 117*t**2 + 1922*t - 1744. Give z(-97).
2
Let k(u) = 191298*u - 191310. What is k(1)?
-12
Let g(z) = -z**3 + 409*z**2 + 1649*z - 339896. What is g(411)?
1
Let s(m) = -14113*m - 169274. What is s(-12)?
82
Let y(v) = v**3 - 13*v**2 - v - 218. What is y(10)?
-528
Let o(w) = -4*w**3 + 134*w**2 + 42*w + 794. Calculate o(34).
-90
Let b(q) = -369*q**2 - 4056*q - 67. What is b(-11)?
-100
Let b(m) = 5935*m - 1003024. Determine b(169).
-9
Let f(d) = -d**3 - 8232*d - 41286. Give f(-5).
-1
Let z(q) = 2*q**3 - 175*q**2 + 628*q - 17233. What is z(85)?
22
Let b(u) = -17801*u + 107575. Give b(6).
769
Let l(s) = -s**3 - 75*s**2 + 401*s + 44461. Calculate l(-72).
37
Let c(a) = 9*a**2 - 3919*a - 31932. Calculate c(-8).
-4
Let p(k) = -k**2 - 263385*k + 2370540. What is p(9)?
-6
Let n(d) = d**3 + 11*d**2 - 243*d + 674. Determine n(-22).
696
Let s(h) = 6*h**2 - 3810*h - 272933. What is s(700)?
67
Let o(t) = 2*t**2 + 17638*t + 88132. What is o(-5)?
-8
Let k(r) = 285*r**2 + 205*r - 961. Calculate k(5).
7189
Let m(k) = k**3 + 13*k**2 + 3998*k + 15859. Calculate m(-4).
11
Let s(v) = 3*v**2 + 90*v - 1398802. Determine s(-698).
-10
Let i(q) = -70650*q - 24162298. What is i(-342)?
2
Let r(v) = v**3 - 54*v**2 - 876*v - 8. Determine r(-13).
57
Let r(b) = b**3 + 169*b**2 + 959*b - 3080. Calculate r(-163).
17
Let p(t) = t**3 + 40*t**2 - 351*t - 15015. Calculate p(-20).
5
Let b(o) = 2*o**2 - 38084*o - 571571. Determine b(-15).
139
Let l(y) = 52*y**3 - 3479*y**2 - 334*y + 335. Calculate l(67).
402
Let c(u) = -17*u**2 + 785*u - 929. Give c(46).
-791
Let q(m) = 2152*m + 161406. Calculate q(-75).
6
Let v(m) = -1146*m - 542041. Give v(-473).
17
Let n(k) = -1095*k + 238719. Calculate n(218).
9
Let g(l) = -l**2 - 104*l - 2002. Calculate g(-68).
446
Let r(l) = -7*l**2 + 1328*l - 51292. Determine r(54).
8
Let q(j) = -148540*j + 594152. What is q(4)?
-8
Let p(y) = -19*y**3 + 18*y**2 - 23*y + 18. Calculate p(2).
-108
Let t(g) = 231853*g + 4868908. What is t(-21)?
-5
Let n(v) = 22*v**2 + 398*v - 872. Determine n(-20).
-32
Let x(g) = 1916*g + 11882. Determine x(-6).
386
Let c(k) = 1155*k**2 - 14356*k + 5952. Calculate c(12).
0
Let q(i) = -2574*i**2 - 54058*i - 39. Determine q(-21).
45
Let t(g) = 46*g**2 - 1952*g + 398. What is t(42)?
-442
Let z(q) = 61*q**2 + 59673*q - 45009. Give z(-979).
25
Let m(x) = 10*x**2 + 1672*x + 311. Determine m(-167).
-23
Let u(o) = -4*o**3 + 740*o**2 + 3016*o - 33. Determine u(-4).
-1
Let s(z) = -25321*z - 5545336. Determine s(-219).
-37
Let r(o) = 3*o**3 - 45*o**2 + 167*o + 26. Give r(7).
19
Let c(k) = -227*k - 191. Calculate c(-4).
717
Let l(x) = -152292*x - 304548. Determine l(-2).
36
Let a(h) = -5*h**3 + 194*h**2 - 27*h + 29. What is a(38)?
4779
Let a(k) = 49*k**2 - 18609*k + 32963. Determine a(378).
77
Let f(g) = 1257085*g - 6285442. Determine f(5).
-17
Let b(g) = -19*g**2 + 4726*g + 717. Calculate b(249).
-528
Let k(n) = -9*n**2 + 2726*n + 311. Determine k(303).
8
Let k(b) = -b**2 + 30*b + 5293. Determine k(89).
42
Let n(z) = -63639*z + 318217. Give n(5).
22
Let h(a) = -437009*a - 874023. What is h(-2)?
-5
Let o(a) = 47*a**2 - 24*a + 140. Give o(6).
1688
Let v(w) = -269*w**2 + 57033*w - 1038. Determine v(212).
22
Let t(y) = -35*y**2 - 401*y + 1202. What is t(3)?
-316
Let q(d) = -59*d**3 + 5725*d**2 - 196*d + 186. Give q(97).
-8
Let t(q) = -73*q - 2806. Give t(9).
-3463
Let l(w) = -4515*w + 4018303. Give l(890).
-47
Let z(v) = -4*v**3 - 28*v**2 - 92*v - 10. Determine z(-3).
122
Let c(j) = -43*j**2 - 188*j + 1774. Give c(8).
-2482
Let u(o) = 4*o**3 + 3224*o**2 - 26047*o + 809. What is u(-814)?
-5
Let x(r) = r**2 - 8741*r - 1018437. Determine x(-115).
3
Let n(l) = -10*l**3 - 43*l**2 - 29*l - 109. Give n(-5).
211
Let a(w) = 122*w**2 + 2415*w - 505. Give a(-20).
-5
Let d(o) = -45856*o - 229257. What is d(-5)?
23
Let s(i) = -16*i**2 + 3328*i + 3287. Give s(209).
-57
Let k(m) = 31*m**3 + 3471*m**2 - 112*m + 37. Determine k(-112).
37
Let o(s) = -s**3 + 15*s**2 + 17602*s - 141267. Calculate o(8).
-3
Let u(h) = h**3 + 497*h**2 - 3520*h - 65. Determine u(7).
-9
Let i(x) = x**3 - 38*x**2 - 338*x + 22. Calculate i(45).
-1013
Let q(o) = -73*o**2 - 2320*o + 13394. What is q(5)?
-31
Let d(b) = 81350*b - 2196402. Determine d(27).
48
Let i(w) = -w**2 + 9182*w - 420247. Calculate i(46).
9
Let g(v) = -v**2 - 333*v - 14743. Give g(-48).
-1063
Let k(l) = 2108*l + 655601. Calculate k(-311).
13
Let o(x) = -6*x**2 - 132*x - 580. Determine o(-16).
-4
Let y(l) = 3*l**2 + 1266*l - 134643. Give y(88).
-3
Let s(a) = -394*a**2 + 1616*a - 98. Give s(4).
62
Let b(r) = 290*r - 11265. What is b(38)?
-245
Let i(h) = 571*h + 176. Determine i(-3).
-1537
Let v(k) = 13*k**3 - 7*k - 24. Calculate v(4).
780
Let k(j) = 357*j + 8369. What is k(-14)?
3371
Let k(l) = 3071*l + 386951. Determine k(-126).
5